(i) = -i**3 + 9*i**2 + 11*i - 11. Let a be 16 + ((-36)/3)/2. Give d(a).
-1
Let d(l) = -7*l**3 - l**2. Let g(s) = 4*s - 24. Let a be g(6). Suppose -3*v - 4*f = -a*v - 1, 5*f = 4*v + 9. Determine d(v).
6
Let s(y) = -y**3 + 5*y**2 + 11*y + 3. Let z(q) = q**3 - 5*q**2 - 12*q - 3. Let p = -35 + 41. Let h(i) = p*s(i) + 5*z(i). Calculate h(6).
3
Let g(l) = 2*l + 3. Let k(q) = 2*q - 10. Let p be k(7). Suppose 4*j = -2*t - 12, p*t - 2*j + 6 = 2*t. Give g(t).
-5
Let n = 260 + -260. Let t(g) = g**3 + g**2 + g - 9. Determine t(n).
-9
Let h(l) = 19*l**2 + 1 - 6*l + 14*l**2 - 31*l**2. Let s(i) = -i - 2*i - 2 + 4*i. Let y be s(6). Give h(y).
9
Let s(g) = -3*g**2 + 6*g - 6*g**2 - 2*g + 15*g**2 - 1 - 5*g**2. What is s(-3)?
-4
Let a(q) = -2*q + 3. Let z(u) = 15*u - 25. Let h(n) = -6*a(n) - z(n). Let b be 1*4/((-12)/(-15)). Determine h(b).
-8
Let r(u) = u**2 + u + 2. Let d be r(0). Let y(s) = -4 + 2 - s**d - 4 - s + 3. Let l(n) = -n**3 + 2*n**2 - 2*n + 1. Let i be l(1). Give y(i).
-3
Let w = 210 - 204. Let h(r) = r**2 - 4*r + 4. Determine h(w).
16
Suppose 2*i = 4*i + 4*t - 30, 0 = 4*i + t - 32. Suppose i*c = -c - 40. Let z(p) = -p**2 - 7*p. Determine z(c).
10
Let k(n) = -n - 5*n**2 + 7*n**3 - 2 - 8*n**3 + 3*n - 4*n. What is k(-3)?
-14
Let y(t) be the first derivative of t**5/20 + 7*t**4/12 + t**2 - 14*t - 40. Let c(a) be the first derivative of y(a). Determine c(-7).
2
Let h(o) = o**3 - 5*o**2 + 2*o + 3. Let w = -17 - -17. Suppose -48 = 5*i - 4*m, w = -i - i - 2*m - 30. Let t = i - -16. What is h(t)?
-5
Let r(s) = s - 7. Let y be 2/5*150/15. Suppose 0 = y*j + 2*f - 28, 0 = 5*j + 3*f + f - 41. Calculate r(j).
-2
Let k be (6/(-5))/((-17)/((-3400)/30)). Let n(c) = -3*c - 17. Calculate n(k).
7
Let q = -12 + 7. Let d(j) = -5*j + 4. Let r(p) = 6*p - 5. Let s(u) = 5*d(u) + 4*r(u). Give s(q).
5
Let q(k) = -2*k**3 + 11*k**2 - 14*k - 5. Let v(g) = -g**3 + 7*g**2 - 9*g - 3. Let a(s) = -5*q(s) + 8*v(s). Let c be (-6)/4*20/15. What is a(c)?
-7
Let r(q) = -q - 1 - 16*q - 22*q + 40*q. Give r(-13).
-14
Let n(f) be the first derivative of -f**3/3 - 13*f**2/2 - 16*f + 581. Calculate n(-11).
6
Let p(n) = n - 2*n + 4*n + 1. Let i = -54 - -30. Let y = -26 - i. Calculate p(y).
-5
Let n = 511 + 6601. Let v(w) = 6*w**2 + n*w - 2*w**2 - 7114*w. Determine v(2).
12
Let s(d) = 3*d**3 + 6*d**2 + 4*d + 6. Let k(z) = 3*z**3 + 5*z**2 + 3*z + 5. Let f(l) = -6*k(l) + 5*s(l). What is f(2)?
-20
Let t(n) = -3*n + 7. Let x(f) = -f + 15. Let v be x(-5). Let w = -5 - 10. Let j = w + v. What is t(j)?
-8
Let p(a) = -a**3 - 5*a**2 - a. Suppose -38 + 6 = 8*m. Calculate p(m).
-12
Suppose 12*b = 5*b + 56. Let u(g) = 12*g**2 - g. Let a be u(-1). Let m = b - a. Let v(f) = -f**3 - 6*f**2 - 6*f - 4. What is v(m)?
1
Let v(f) be the second derivative of 11*f**5/10 + f**4/12 + f**3/3 + f**2 - 55*f. Calculate v(-1).
-21
Suppose -2*g - g - 4*k - 29 = 0, 2*g = -4*k - 22. Let d(n) = -3 - n - 7*n**2 - n**3 + 0*n + 2*n. Determine d(g).
-10
Suppose 21*a = 19*a + 8. Suppose -a*w - 4*w = 40. Let h(c) = c**2 + 4*c + 2. What is h(w)?
7
Let i = -436 + 448. Let m(d) = -d**3 + 12*d**2 - d + 9. What is m(i)?
-3
Let a(t) = -4*t**2 + t. Let o(i) = i**2 - 28*i + 17*i + 12*i. Let s be o(1). What is a(s)?
-14
Let x be -1 + 2 - (3 + -2). Suppose x*o = -o - 6. Let u(v) = -v + 2 - 7 + 2 - 4 - 1. Calculate u(o).
-2
Suppose 20 = 2*a - 4*k, -a + 0*k + 5 = -k. Suppose a*s - 15 = -3*s. Let t(b) be the third derivative of b**4/24 - 5*b**3/6 - 60*b**2. Determine t(s).
0
Let g = 93 + -95. Let p be (g + (-30)/(-9))/((-16)/24). Let f(z) = 3*z**2 + 4*z + 2. What is f(p)?
6
Suppose -2*k + 45 - 9 = 0. Let d = 32 - k. Let t(p) = -14 + d + p. What is t(-6)?
-6
Let s(q) = q**2 - q - 2. Suppose -2*d = 2*i - 10, -i + 4*d = -4*i + 17. Let x be s(i). Suppose h - x*h = 0. Let k(j) = -j**3 + j**2 + j + 6. Give k(h).
6
Let a(d) = 8*d**2 - d. Let i(z) = -18*z + 233. Let v be i(13). What is a(v)?
9
Let a(j) = -16*j + 4. Let q(o) = 9*o - 3. Let s(h) = 6*a(h) + 11*q(h). Give s(7).
12
Let g(l) = -3*l + 9 - l - 3*l + 6*l. Suppose 9*c = 6*c + 45. Suppose -4*x = -3*q - 32, 4*x - 5*q = 17 + c. Determine g(x).
1
Let r(w) = -w**2 + w - 1. Let i(l) = -l**3 + 3*l**2 - 3*l + 11. Let h be (4/(-21))/(4/(-18))*-7. Let t(z) = h*r(z) - i(z). Give t(-4).
-9
Let f(l) = -l**2 - 4*l - 1. Let j be f(-2). Let o(s) = s**2 - 17*s + 16*s - 3*s + s**j. Calculate o(-3).
-6
Let t(r) = 4*r**2 - 7*r**2 - 2*r - 2*r + 4*r**2. Determine t(6).
12
Let m(p) = -p - 1. Let u = 14 - 18. Let z be 0 - (u - (-2 - 0)). Suppose -i + z*q + q = 0, 3*q - 18 = -5*i. What is m(i)?
-4
Let q(j) = -j + 9. Let k(m) = -2*m + 19. Let z(w) = 2*k(w) - 5*q(w). Suppose -9*u + 8*u + 2 = 2*n, 0 = -2*u + 3*n + 11. What is z(u)?
-3
Let y(a) = -2*a - 9. Let s(u) = u + 1. Let g(t) = 3*s(t) + y(t). Suppose n - v - 4 = 0, 2*n = -v + 2*v + 10. Determine g(n).
0
Let i be 6/12 + 3/6. Let u(h) = -24*h**3 + 2*h**2 - h. Give u(i).
-23
Let s be 4/(-6)*(15 + -6). Let p(x) = -x**2 - 4*x + 1. Give p(s).
-11
Let n be (-3)/2*(-28)/6. Let h = n + -5. Let q(i) = -2*i**2 - h*i**2 + 5*i**2 - 6*i - 3. What is q(6)?
-3
Let o(b) be the first derivative of b**4/4 - b**3 - b**2 + 8*b - 968. Calculate o(3).
2
Let p(c) be the first derivative of -c**3 + c**2/2 + 4*c + 408. Give p(2).
-6
Suppose 0 = -9*z - 0*z + 189. Let j(l) = 2 + 10*l + 3*l - z*l - l**2. What is j(-6)?
14
Suppose 5*w - 35 = 5*d, -3*w - 4*d + 26 + 2 = 0. Let v be ((-5)/(-2))/(4/w). Let q(p) = p - 1. Let m(s) = -s - 7. Let l(x) = -m(x) - 2*q(x). Give l(v).
4
Let h = 419 - 415. Let r(t) = -t + 8. Calculate r(h).
4
Let b(n) = -3*n**3 + 10*n**2 - 8*n - 5. Let h(x) = x**3 - x**2 + x. Let a(c) = b(c) + 2*h(c). Determine a(6).
31
Let v(m) = 5*m**2 + 2*m + 1. Let i(n) = -n**3 - 3*n**2 + 4*n + 2. Let b be i(-4). Suppose -5*l - 5*z - 125 = 0, 2*z - 8 = -b*z. Let q = l - -26. Determine v(q).
4
Let v(q) = 2*q + 12. Let z(n) = -n - 15. Let j(m) = -4*v(m) - 3*z(m). Give j(-3).
12
Let m(c) = -c**2 + 8*c + 12. Let b(x) = -x**2 + 25*x + 9. Let a be b(25). Calculate m(a).
3
Let m(x) be the first derivative of -x**6/120 - x**5/15 + x**4/8 - 5*x**3/6 - 3*x**2 - 15. Let a(j) be the second derivative of m(j). Determine a(-5).
5
Let o(i) = 3*i**2 + 2*i - 2. Let h(s) = -7*s**2 - 3*s + 4. Let g(y) = -2*h(y) - 5*o(y). Let l(b) = -b**2 + 10*b - 5. Let x be l(10). Determine g(x).
-3
Let q(o) = 4 + o**2 + 8*o + 7 - 3. Let c(b) = -13*b**2 + 195*b - 7. Let w be c(15). What is q(w)?
1
Let j(s) = 7015 - 4*s + 0*s + 2*s**2 - 3*s**2 - 7015. Give j(-5).
-5
Let q(u) be the second derivative of u**4/12 + 4*u**3/3 + u**2 + 24*u + 3. What is q(-8)?
2
Let n(d) = d**2 - d - 4. Let o be n(0). Let k be o/(-8)*(2 + -28). Let y = -9 - k. Let p(z) = -z + 7. Calculate p(y).
3
Let h(a) = -a**3 - 8*a**2 - 28 + 11 + 0*a**3 + 13 - 9*a. Calculate h(-7).
10
Let l(c) = c**2 + c - 4. Suppose -6*y - 14 = b - 2*y, -3*b - 5*y = 21. Determine l(b).
-2
Suppose 3*h - 5*q + 49 = 0, -2*q + 4 - 52 = 4*h. Let l(x) = -x**3 - 14*x**2 - 15*x - 24. Give l(h).
2
Suppose -h = -5*i + 22 + 3, 4*h + 28 = 2*i. Suppose -2*f + i*f = 12. Let z(o) = -11*o - 11. Let m(w) = -2*w - 1. Let a(s) = 6*m(s) - z(s). Determine a(f).
-1
Let o(r) be the first derivative of -r**5/20 - 5*r**4/12 - 5*r**3/6 + r**2/2 + 12*r - 5. Let n(v) be the first derivative of o(v). Give n(-4).
5
Let o(i) = 2*i - 4. Let j be o(3). Let u(m) = -1. Let v(a) be the first derivative of -a**2/2 + 2*a + 15. Let d(t) = u(t) - v(t). Give d(j).
-1
Suppose -q + 38 = -29. Let l = q + -44. Let w = -28 + l. Let c(k) = k**3 + 6*k**2 + 5*k + 4. Give c(w).
4
Let d(s) = 2*s**3 - 8*s**2 + 15*s + 3. Let i(o) = -3*o**3 + 12*o**2 - 24*o - 5. Let m(b) = 8*d(b) + 5*i(b). What is m(3)?
-10
Let d(i) = i**3 + 2*i**2 + 2*i + 1. Let v be d(-1). Let o(m) be the third derivative of -m**4/24 - m**3/2 - 21*m**2. Give o(v).
-3
Let n = -2 - -5. Let k(w) = -w**2 + w**n + 2*w + 0*w**2 + 6*w**2 - 2. Let j be (8 + -2)/(2/((-4)/3)). Calculate k(j).
6
Let c(h) = 2*h**3 - 8*h**2 + 4*h + 8. Let q(x) = 4*x - 445*x**3 + 10 - 7*x**2 + 446*x**3 - x - 3. Let t(g) = -2*c(g) + 3*q(g). What is t(-5)?
0
Suppose 0 = 20*z - 282 - 18. Let x(i) = i**3 - 16*i**2 + 15*i - 5. What is x(z)?
-5
Let z(s) = -12*s**2 - 4*s - 2. Suppose 4*v + 9 = -x, -4*v - 5*x - 14 = 15. Let q be z(v). Let h(r) = -r**2 - 11*r - 14. Give h(q).
-4
Let m = -17 - -12. 